n factor of 882 and 113680854?
126
What is the greatest common factor of 258735 and 30315?
705
Calculate the highest common divisor of 353366 and 2314.
26
Calculate the highest common factor of 831204 and 242.
22
Calculate the highest common factor of 500837120 and 2800.
560
What is the greatest common divisor of 5327 and 3151714223?
5327
Calculate the greatest common divisor of 3674 and 172810.
22
Calculate the greatest common divisor of 34813890 and 11115.
855
What is the highest common factor of 11933182 and 62422?
1058
What is the greatest common divisor of 2358290 and 1430?
110
Calculate the highest common factor of 8625 and 3346086.
69
Calculate the highest common divisor of 763455 and 1295.
35
Calculate the greatest common factor of 2600 and 17428450.
650
Calculate the greatest common divisor of 245 and 10495646.
7
What is the greatest common factor of 33316 and 19087?
1
What is the highest common divisor of 2437 and 166795591?
2437
Calculate the greatest common factor of 12206 and 50524.
34
What is the greatest common divisor of 3033000 and 2325?
75
What is the greatest common factor of 2734591 and 177?
59
What is the greatest common divisor of 726172 and 2516?
68
Calculate the highest common factor of 288267 and 14522.
53
Calculate the greatest common divisor of 145 and 228636.
29
What is the highest common factor of 88398 and 974862?
54
What is the greatest common divisor of 42 and 25412862?
6
Calculate the greatest common divisor of 128193 and 321594.
741
What is the highest common factor of 341840 and 199120?
80
What is the highest common factor of 1120 and 982240?
1120
What is the highest common divisor of 1146020 and 40?
20
What is the highest common divisor of 1795 and 11668577?
359
What is the greatest common factor of 17 and 118528556?
17
Calculate the greatest common factor of 856427 and 52.
13
What is the highest common factor of 11681960 and 60?
20
Calculate the highest common divisor of 22 and 732154.
2
What is the greatest common divisor of 152966503 and 29?
29
Calculate the highest common factor of 2351154 and 1638.
78
What is the highest common divisor of 31476776 and 96?
8
What is the highest common factor of 1985 and 26418762?
397
Calculate the greatest common factor of 21160488 and 6.
6
Calculate the highest common factor of 6 and 3105174.
6
What is the highest common divisor of 5130 and 175213440?
1710
Calculate the greatest common divisor of 3572429 and 161.
161
Calculate the highest common divisor of 188155 and 141505.
1555
What is the greatest common divisor of 14847 and 2611308?
147
What is the greatest common divisor of 745527720 and 1680?
840
Calculate the highest common factor of 6603380 and 2800.
140
What is the greatest common divisor of 290142736 and 208?
208
Calculate the highest common divisor of 1510 and 506800.
10
What is the highest common divisor of 106 and 40076798?
106
What is the greatest common divisor of 1635187680 and 4032?
2016
Calculate the highest common divisor of 70431 and 6375.
51
What is the greatest common factor of 749 and 804319?
107
Calculate the greatest common factor of 76477856 and 32032.
2912
Calculate the highest common factor of 441 and 358009848.
63
What is the greatest common factor of 24 and 48613968?
24
What is the highest common factor of 1494 and 49752441?
747
What is the highest common factor of 3627853 and 244?
61
Calculate the greatest common factor of 17388 and 2398716.
828
Calculate the greatest common divisor of 4536322 and 574.
574
What is the highest common factor of 840 and 975840?
120
Calculate the greatest common factor of 31204550 and 13.
13
Calculate the greatest common divisor of 147 and 167679792.
21
Calculate the highest common factor of 4646150 and 258.
86
What is the greatest common factor of 289 and 1708412807?
289
Calculate the greatest common factor of 177993 and 67581.
9
What is the highest common divisor of 1018440 and 39015?
135
What is the greatest common factor of 87848604 and 132?
12
Calculate the greatest common factor of 9876464 and 96.
16
What is the greatest common divisor of 308434251 and 4803?
4803
Calculate the highest common factor of 689 and 3484538.
53
Calculate the highest common factor of 1092 and 408876.
156
What is the highest common divisor of 6460 and 813484?
68
What is the highest common divisor of 65640 and 10020?
60
Calculate the greatest common divisor of 115245 and 6593787.
1773
What is the highest common divisor of 2159875 and 1375?
125
Calculate the greatest common divisor of 130122261 and 53.
53
What is the greatest common factor of 66 and 39438861?
33
Calculate the highest common divisor of 813 and 3605113.
271
Calculate the highest common divisor of 305640 and 434160.
1080
What is the greatest common divisor of 192 and 4352664?
24
What is the greatest common divisor of 15500641 and 13?
13
What is the highest common factor of 214 and 8632011?
107
Calculate the greatest common factor of 149072 and 781165.
77
What is the greatest common factor of 22152912 and 9804?
516
What is the highest common factor of 82 and 1445386120?
82
Calculate the highest common factor of 4187 and 29638509.
79
What is the highest common factor of 4851 and 6847897?
49
Calculate the greatest common factor of 179249684 and 1208.
604
Calculate the highest common factor of 329208 and 14663.
473
What is the greatest common factor of 10518606 and 34965?
189
What is the greatest common divisor of 108 and 26947296?
108
What is the highest common factor of 4513260 and 285270?
1110
What is the greatest common factor of 143887 and 22181317?
7573
Calculate the greatest common factor of 5158 and 75866443.
2579
What is the greatest common factor of 157896 and 30168370?
1462
Calculate the highest common factor of 105 and 387374330.
35
Calculate the greatest common factor of 1319474985 and 1185.
1185
Calculate the highest common divisor of 48568 and 5667512.
3736
Calculate the greatest common factor of 6664 and 320824.
952
What is the highest common divisor of 85632 and 29376?
192
Calculate the greatest common factor of 7739964 and 510.
102
Calculate the highest common divisor of 1859870 and 110.
10
What is the greatest common factor of 142861845 and 490?
35
Calculate the highest common factor of 153295 and 42729745.
4945
Calculate the greatest common divisor of 64399115 and 4545.
505
What is the greatest common factor of 2503202 and 611?
13
What is the greatest common divisor of 61285 and 146260?
515
Calculate the greatest common factor of 23104232 and 104.
8
Calculate the highest common factor of 166747374 and 1602.
1602
Calculate the greatest common factor of 3464 and 18194227.
433
Calculate the greatest common factor of 3277 and 928262682.
3277
Calculate the highest common divisor of 5028522 and 192.
6
Calculate the greatest common divisor of 13561 and 2954239.
71
Calculate the highest common factor of 93033359 and 355.
71
What is the highest common factor of 12 and 1142340564?
12
What is the greatest common divisor of 2172 and 39958827?
543
What is the greatest common divisor of 9266 and 57769?
41
Calculate the highest common divisor of 51939 and 42137.
29
Calculate the highest common factor of 6594 and 33910744.
2198
Calculate the highest common factor of 20876 and 11819807.
307
What is the highest common factor of 631309 and 31?
1
Calculate the highest common factor of 850801 and 1729.
133
What is the greatest common divisor of 151570 and 144210?
230
Calculate the greatest common divisor of 1236 and 12190668.
1236
What is the greatest common factor of 1521346 and 656?
82
What is the highest common factor of 8820 and 678825?
315
Calculate the greatest common divisor of 2796 and 2364.
12
Calculate the greatest common factor of 438 and 7018971.
3
What is the greatest common divisor of 58879944 and 72?
72
Calculate the greatest common divisor of 1433662 and 98912.
562
What is the greatest common divisor of 43626136 and 1808?
904
Calculate the highest common factor of 9507325 and 50.
25
What is the highest common factor of 523803270 and 267?
267
What is the greatest common factor of 124990 and 63510?
290
Calculate the greatest common divisor of 1954579 and 275.
11
Calculate the greatest common factor of 1390976 and 208.
16
What is the greatest common divis